{"id":665,"date":"2024-07-02T20:34:02","date_gmt":"2024-07-02T18:34:02","guid":{"rendered":"https:\/\/charlotteperrotton.com\/?page_id=665"},"modified":"2026-02-09T12:45:08","modified_gmt":"2026-02-09T11:45:08","slug":"event-branding","status":"publish","type":"page","link":"https:\/\/charlotteperrotton.com\/?page_id=665","title":{"rendered":"Event Branding"},"content":{"rendered":"\t\t<div data-elementor-type=\"wp-page\" data-elementor-id=\"665\" class=\"elementor elementor-665\" data-elementor-post-type=\"page\">\n\t\t\t\t<div class=\"elementor-element elementor-element-57218061 e-flex e-con-boxed e-con e-parent\" data-id=\"57218061\" data-element_type=\"container\" data-settings=\"{&quot;background_background&quot;:&quot;classic&quot;}\">\n\t\t\t\t\t<div class=\"e-con-inner\">\n\t\t\t\t<div class=\"elementor-element elementor-element-49253c02 elementor-widget elementor-widget-heading\" data-id=\"49253c02\" data-element_type=\"widget\" data-widget_type=\"heading.default\">\n\t\t\t\t<div class=\"elementor-widget-container\">\n\t\t\t<h1 class=\"elementor-heading-title elementor-size-default\">Event Branding<\/h1>\t\t<\/div>\n\t\t\t\t<\/div>\n\t\t\t\t\t<\/div>\n\t\t\t\t<\/div>\n\t\t<div class=\"elementor-element elementor-element-1b29986 e-flex e-con-boxed e-con e-parent\" data-id=\"1b29986\" data-element_type=\"container\">\n\t\t\t\t\t<div class=\"e-con-inner\">\n\t\t\t\t<div class=\"elementor-element elementor-element-db2a5d1 elementor-widget elementor-widget-heading\" data-id=\"db2a5d1\" data-element_type=\"widget\" data-widget_type=\"heading.default\">\n\t\t\t\t<div class=\"elementor-widget-container\">\n\t\t\t<h2 class=\"elementor-heading-title elementor-size-default\">Sublimer l\u2019identit\u00e9 de vos \u00e9v\u00e9nements<\/h2>\t\t<\/div>\n\t\t\t\t<\/div>\n\t\t\t\t<div class=\"elementor-element elementor-element-87c2b15 elementor-widget elementor-widget-text-editor\" data-id=\"87c2b15\" data-element_type=\"widget\" data-widget_type=\"text-editor.default\">\n\t\t\t\t<div class=\"elementor-widget-container\">\n\t\t\t\t\t\t\t<p data-start=\"194\" data-end=\"533\">Cette s\u00e9lection pr\u00e9sente diff\u00e9rents projets d\u2019event branding r\u00e9alis\u00e9s pour des clients aux univers vari\u00e9s.<br data-start=\"300\" data-end=\"303\" \/>Chaque projet repose sur la cr\u00e9ation d\u2019un <strong data-start=\"345\" data-end=\"364\">key visual fort<\/strong>, pens\u00e9 comme le fil conducteur de l\u2019\u00e9v\u00e9nement : il structure l\u2019identit\u00e9 visuelle, renforce la coh\u00e9rence des supports et cr\u00e9e une exp\u00e9rience reconnaissable et m\u00e9morable.<\/p><p data-start=\"535\" data-end=\"812\">Du concept cr\u00e9atif \u00e0 son d\u00e9ploiement, ces r\u00e9alisations illustrent ma capacit\u00e9 \u00e0 traduire une intention, un message ou une ambiance en une identit\u00e9 visuelle impactante, adapt\u00e9e \u00e0 chaque contexte (\u00e9v\u00e9nement corporate, lancement, incentive, communication interne ou grand public).<\/p><p data-start=\"814\" data-end=\"942\">Chaque visuel est con\u00e7u sur mesure, en tenant compte des objectifs de l\u2019\u00e9v\u00e9nement, du public cibl\u00e9 et des supports de diffusion.<\/p>\t\t\t\t\t\t<\/div>\n\t\t\t\t<\/div>\n\t\t\t\t\t<\/div>\n\t\t\t\t<\/div>\n\t\t<div class=\"elementor-element elementor-element-34e9fb19 e-flex e-con-boxed e-con e-parent\" data-id=\"34e9fb19\" data-element_type=\"container\">\n\t\t\t\t\t<div class=\"e-con-inner\">\n\t\t\t\t<div class=\"elementor-element elementor-element-43761310 elementor-widget__width-inherit elementor-widget elementor-widget-image\" data-id=\"43761310\" data-element_type=\"widget\" data-widget_type=\"image.default\">\n\t\t\t\t<div class=\"elementor-widget-container\">\n\t\t\t\t\t\t\t\t\t\t\t\t\t<img fetchpriority=\"high\" decoding=\"async\" width=\"1000\" height=\"563\" src=\"https:\/\/charlotteperrotton.com\/wp-content\/uploads\/2024\/09\/KV-Patek.png\" class=\"attachment-full size-full wp-image-1064\" alt=\"\" srcset=\"https:\/\/charlotteperrotton.com\/wp-content\/uploads\/2024\/09\/KV-Patek.png 1000w, https:\/\/charlotteperrotton.com\/wp-content\/uploads\/2024\/09\/KV-Patek-300x169.png 300w, https:\/\/charlotteperrotton.com\/wp-content\/uploads\/2024\/09\/KV-Patek-768x432.png 768w\" sizes=\"(max-width: 1000px) 100vw, 1000px\" \/>\t\t\t\t\t\t\t\t\t\t\t\t\t<\/div>\n\t\t\t\t<\/div>\n\t\t\t\t\t<\/div>\n\t\t\t\t<\/div>\n\t\t<div class=\"elementor-element elementor-element-c9f85ad e-flex e-con-boxed e-con e-parent\" data-id=\"c9f85ad\" data-element_type=\"container\">\n\t\t\t\t\t<div class=\"e-con-inner\">\n\t\t\t\t<div class=\"elementor-element elementor-element-65702cc elementor-widget__width-inherit elementor-widget elementor-widget-image\" data-id=\"65702cc\" data-element_type=\"widget\" data-widget_type=\"image.default\">\n\t\t\t\t<div class=\"elementor-widget-container\">\n\t\t\t\t\t\t\t\t\t\t\t\t\t<img decoding=\"async\" width=\"1000\" height=\"563\" src=\"https:\/\/charlotteperrotton.com\/wp-content\/uploads\/2024\/09\/KV-induni.png\" class=\"attachment-full size-full wp-image-1045\" alt=\"\" srcset=\"https:\/\/charlotteperrotton.com\/wp-content\/uploads\/2024\/09\/KV-induni.png 1000w, https:\/\/charlotteperrotton.com\/wp-content\/uploads\/2024\/09\/KV-induni-300x169.png 300w, https:\/\/charlotteperrotton.com\/wp-content\/uploads\/2024\/09\/KV-induni-768x432.png 768w\" sizes=\"(max-width: 1000px) 100vw, 1000px\" \/>\t\t\t\t\t\t\t\t\t\t\t\t\t<\/div>\n\t\t\t\t<\/div>\n\t\t\t\t\t<\/div>\n\t\t\t\t<\/div>\n\t\t<div class=\"elementor-element elementor-element-d4b73fc e-flex e-con-boxed e-con e-parent\" data-id=\"d4b73fc\" data-element_type=\"container\">\n\t\t\t\t\t<div class=\"e-con-inner\">\n\t\t\t\t<div class=\"elementor-element elementor-element-5475cc5 elementor-widget__width-inherit elementor-widget elementor-widget-image\" data-id=\"5475cc5\" data-element_type=\"widget\" data-widget_type=\"image.default\">\n\t\t\t\t<div class=\"elementor-widget-container\">\n\t\t\t\t\t\t\t\t\t\t\t\t\t<img decoding=\"async\" width=\"1834\" height=\"1310\" src=\"https:\/\/charlotteperrotton.com\/wp-content\/uploads\/2024\/07\/Capture-decran-2024-07-02-a-12.33.16.png\" class=\"attachment-full size-full wp-image-414\" alt=\"\" srcset=\"https:\/\/charlotteperrotton.com\/wp-content\/uploads\/2024\/07\/Capture-decran-2024-07-02-a-12.33.16.png 1834w, https:\/\/charlotteperrotton.com\/wp-content\/uploads\/2024\/07\/Capture-decran-2024-07-02-a-12.33.16-300x214.png 300w, https:\/\/charlotteperrotton.com\/wp-content\/uploads\/2024\/07\/Capture-decran-2024-07-02-a-12.33.16-1024x731.png 1024w, https:\/\/charlotteperrotton.com\/wp-content\/uploads\/2024\/07\/Capture-decran-2024-07-02-a-12.33.16-768x549.png 768w, https:\/\/charlotteperrotton.com\/wp-content\/uploads\/2024\/07\/Capture-decran-2024-07-02-a-12.33.16-1536x1097.png 1536w\" sizes=\"(max-width: 1834px) 100vw, 1834px\" \/>\t\t\t\t\t\t\t\t\t\t\t\t\t<\/div>\n\t\t\t\t<\/div>\n\t\t\t\t\t<\/div>\n\t\t\t\t<\/div>\n\t\t<div class=\"elementor-element elementor-element-2da7040 e-flex e-con-boxed e-con e-parent\" data-id=\"2da7040\" data-element_type=\"container\">\n\t\t\t\t\t<div class=\"e-con-inner\">\n\t\t\t\t<div class=\"elementor-element elementor-element-e8c0d18 elementor-widget__width-inherit elementor-widget elementor-widget-image\" data-id=\"e8c0d18\" data-element_type=\"widget\" data-widget_type=\"image.default\">\n\t\t\t\t<div class=\"elementor-widget-container\">\n\t\t\t\t\t\t\t\t\t\t\t\t\t<img loading=\"lazy\" decoding=\"async\" width=\"1920\" height=\"1080\" src=\"https:\/\/charlotteperrotton.com\/wp-content\/uploads\/2024\/07\/savane.jpg\" class=\"attachment-full size-full wp-image-668\" alt=\"\" srcset=\"https:\/\/charlotteperrotton.com\/wp-content\/uploads\/2024\/07\/savane.jpg 1920w, https:\/\/charlotteperrotton.com\/wp-content\/uploads\/2024\/07\/savane-300x169.jpg 300w, https:\/\/charlotteperrotton.com\/wp-content\/uploads\/2024\/07\/savane-1024x576.jpg 1024w, https:\/\/charlotteperrotton.com\/wp-content\/uploads\/2024\/07\/savane-768x432.jpg 768w, https:\/\/charlotteperrotton.com\/wp-content\/uploads\/2024\/07\/savane-1536x864.jpg 1536w\" sizes=\"(max-width: 1920px) 100vw, 1920px\" \/>\t\t\t\t\t\t\t\t\t\t\t\t\t<\/div>\n\t\t\t\t<\/div>\n\t\t\t\t\t<\/div>\n\t\t\t\t<\/div>\n\t\t<div class=\"elementor-element elementor-element-b72ae36 e-flex e-con-boxed e-con e-parent\" data-id=\"b72ae36\" data-element_type=\"container\">\n\t\t\t\t\t<div class=\"e-con-inner\">\n\t\t\t\t<div class=\"elementor-element elementor-element-d264902 elementor-widget__width-inherit elementor-widget elementor-widget-image\" data-id=\"d264902\" data-element_type=\"widget\" data-widget_type=\"image.default\">\n\t\t\t\t<div class=\"elementor-widget-container\">\n\t\t\t\t\t\t\t\t\t\t\t\t\t<img loading=\"lazy\" decoding=\"async\" width=\"1920\" height=\"1080\" src=\"https:\/\/charlotteperrotton.com\/wp-content\/uploads\/2024\/07\/summer-white.jpg\" class=\"attachment-full size-full wp-image-669\" alt=\"\" srcset=\"https:\/\/charlotteperrotton.com\/wp-content\/uploads\/2024\/07\/summer-white.jpg 1920w, https:\/\/charlotteperrotton.com\/wp-content\/uploads\/2024\/07\/summer-white-300x169.jpg 300w, https:\/\/charlotteperrotton.com\/wp-content\/uploads\/2024\/07\/summer-white-1024x576.jpg 1024w, https:\/\/charlotteperrotton.com\/wp-content\/uploads\/2024\/07\/summer-white-768x432.jpg 768w, https:\/\/charlotteperrotton.com\/wp-content\/uploads\/2024\/07\/summer-white-1536x864.jpg 1536w\" sizes=\"(max-width: 1920px) 100vw, 1920px\" \/>\t\t\t\t\t\t\t\t\t\t\t\t\t<\/div>\n\t\t\t\t<\/div>\n\t\t\t\t<div class=\"elementor-element elementor-element-6fda6e0 elementor-widget__width-inherit elementor-widget elementor-widget-image\" data-id=\"6fda6e0\" data-element_type=\"widget\" data-widget_type=\"image.default\">\n\t\t\t\t<div class=\"elementor-widget-container\">\n\t\t\t\t\t\t\t\t\t\t\t\t\t<img loading=\"lazy\" decoding=\"async\" width=\"800\" height=\"600\" src=\"https:\/\/charlotteperrotton.com\/wp-content\/uploads\/2024\/07\/Cartier.jpg\" class=\"attachment-full size-full wp-image-770\" alt=\"\" srcset=\"https:\/\/charlotteperrotton.com\/wp-content\/uploads\/2024\/07\/Cartier.jpg 800w, https:\/\/charlotteperrotton.com\/wp-content\/uploads\/2024\/07\/Cartier-300x225.jpg 300w, https:\/\/charlotteperrotton.com\/wp-content\/uploads\/2024\/07\/Cartier-768x576.jpg 768w\" sizes=\"(max-width: 800px) 100vw, 800px\" \/>\t\t\t\t\t\t\t\t\t\t\t\t\t<\/div>\n\t\t\t\t<\/div>\n\t\t\t\t<div class=\"elementor-element elementor-element-02ab589 elementor-widget__width-inherit elementor-widget elementor-widget-image\" data-id=\"02ab589\" data-element_type=\"widget\" data-widget_type=\"image.default\">\n\t\t\t\t<div class=\"elementor-widget-container\">\n\t\t\t\t\t\t\t\t\t\t\t\t\t<img loading=\"lazy\" decoding=\"async\" width=\"1920\" height=\"1080\" src=\"https:\/\/charlotteperrotton.com\/wp-content\/uploads\/2024\/07\/Keyvisual-6.gif\" class=\"attachment-full size-full wp-image-670\" alt=\"\" \/>\t\t\t\t\t\t\t\t\t\t\t\t\t<\/div>\n\t\t\t\t<\/div>\n\t\t\t\t\t<\/div>\n\t\t\t\t<\/div>\n\t\t<div class=\"elementor-element elementor-element-6b0a2d0f e-flex e-con-boxed e-con e-parent\" data-id=\"6b0a2d0f\" data-element_type=\"container\">\n\t\t\t\t\t<div class=\"e-con-inner\">\n\t\t\t\t<div class=\"elementor-element elementor-element-5f12519e elementor-shape-circle elementor-grid-0 e-grid-align-center elementor-widget elementor-widget-social-icons\" data-id=\"5f12519e\" data-element_type=\"widget\" data-widget_type=\"social-icons.default\">\n\t\t\t\t<div class=\"elementor-widget-container\">\n\t\t\t\t\t<div class=\"elementor-social-icons-wrapper elementor-grid\">\n\t\t\t\t\t\t\t<span class=\"elementor-grid-item\">\n\t\t\t\t\t<a class=\"elementor-icon elementor-social-icon elementor-social-icon-linkedin elementor-repeater-item-59d9908\" href=\"https:\/\/www.linkedin.com\/in\/charlotte-perrotton-480ba913a\/\" target=\"_blank\">\n\t\t\t\t\t\t<span class=\"elementor-screen-only\">Linkedin<\/span>\n\t\t\t\t\t\t<svg class=\"e-font-icon-svg e-fab-linkedin\" viewBox=\"0 0 448 512\" xmlns=\"http:\/\/www.w3.org\/2000\/svg\"><path d=\"M416 32H31.9C14.3 32 0 46.5 0 64.3v383.4C0 465.5 14.3 480 31.9 480H416c17.6 0 32-14.5 32-32.3V64.3c0-17.8-14.4-32.3-32-32.3zM135.4 416H69V202.2h66.5V416zm-33.2-243c-21.3 0-38.5-17.3-38.5-38.5S80.9 96 102.2 96c21.2 0 38.5 17.3 38.5 38.5 0 21.3-17.2 38.5-38.5 38.5zm282.1 243h-66.4V312c0-24.8-.5-56.7-34.5-56.7-34.6 0-39.9 27-39.9 54.9V416h-66.4V202.2h63.7v29.2h.9c8.9-16.8 30.6-34.5 62.9-34.5 67.2 0 79.7 44.3 79.7 101.9V416z\"><\/path><\/svg>\t\t\t\t\t<\/a>\n\t\t\t\t<\/span>\n\t\t\t\t\t\t\t<span class=\"elementor-grid-item\">\n\t\t\t\t\t<a class=\"elementor-icon elementor-social-icon elementor-social-icon-youtube elementor-repeater-item-e379fb3\" href=\"https:\/\/www.youtube.com\/@charlotteperrotton6009\" target=\"_blank\">\n\t\t\t\t\t\t<span class=\"elementor-screen-only\">Youtube<\/span>\n\t\t\t\t\t\t<svg class=\"e-font-icon-svg e-fab-youtube\" viewBox=\"0 0 576 512\" xmlns=\"http:\/\/www.w3.org\/2000\/svg\"><path d=\"M549.655 124.083c-6.281-23.65-24.787-42.276-48.284-48.597C458.781 64 288 64 288 64S117.22 64 74.629 75.486c-23.497 6.322-42.003 24.947-48.284 48.597-11.412 42.867-11.412 132.305-11.412 132.305s0 89.438 11.412 132.305c6.281 23.65 24.787 41.5 48.284 47.821C117.22 448 288 448 288 448s170.78 0 213.371-11.486c23.497-6.321 42.003-24.171 48.284-47.821 11.412-42.867 11.412-132.305 11.412-132.305s0-89.438-11.412-132.305zm-317.51 213.508V175.185l142.739 81.205-142.739 81.201z\"><\/path><\/svg>\t\t\t\t\t<\/a>\n\t\t\t\t<\/span>\n\t\t\t\t\t\t\t<span class=\"elementor-grid-item\">\n\t\t\t\t\t<a class=\"elementor-icon elementor-social-icon elementor-social-icon-instagram elementor-repeater-item-7eb50fe\" href=\"https:\/\/www.instagram.com\/charlotte_perrotton\/\" target=\"_blank\">\n\t\t\t\t\t\t<span class=\"elementor-screen-only\">Instagram<\/span>\n\t\t\t\t\t\t<svg class=\"e-font-icon-svg e-fab-instagram\" viewBox=\"0 0 448 512\" xmlns=\"http:\/\/www.w3.org\/2000\/svg\"><path d=\"M224.1 141c-63.6 0-114.9 51.3-114.9 114.9s51.3 114.9 114.9 114.9S339 319.5 339 255.9 287.7 141 224.1 141zm0 189.6c-41.1 0-74.7-33.5-74.7-74.7s33.5-74.7 74.7-74.7 74.7 33.5 74.7 74.7-33.6 74.7-74.7 74.7zm146.4-194.3c0 14.9-12 26.8-26.8 26.8-14.9 0-26.8-12-26.8-26.8s12-26.8 26.8-26.8 26.8 12 26.8 26.8zm76.1 27.2c-1.7-35.9-9.9-67.7-36.2-93.9-26.2-26.2-58-34.4-93.9-36.2-37-2.1-147.9-2.1-184.9 0-35.8 1.7-67.6 9.9-93.9 36.1s-34.4 58-36.2 93.9c-2.1 37-2.1 147.9 0 184.9 1.7 35.9 9.9 67.7 36.2 93.9s58 34.4 93.9 36.2c37 2.1 147.9 2.1 184.9 0 35.9-1.7 67.7-9.9 93.9-36.2 26.2-26.2 34.4-58 36.2-93.9 2.1-37 2.1-147.8 0-184.8zM398.8 388c-7.8 19.6-22.9 34.7-42.6 42.6-29.5 11.7-99.5 9-132.1 9s-102.7 2.6-132.1-9c-19.6-7.8-34.7-22.9-42.6-42.6-11.7-29.5-9-99.5-9-132.1s-2.6-102.7 9-132.1c7.8-19.6 22.9-34.7 42.6-42.6 29.5-11.7 99.5-9 132.1-9s102.7-2.6 132.1 9c19.6 7.8 34.7 22.9 42.6 42.6 11.7 29.5 9 99.5 9 132.1s2.7 102.7-9 132.1z\"><\/path><\/svg>\t\t\t\t\t<\/a>\n\t\t\t\t<\/span>\n\t\t\t\t\t<\/div>\n\t\t\t\t<\/div>\n\t\t\t\t<\/div>\n\t\t\t\t<div class=\"elementor-element elementor-element-8a51d elementor-widget elementor-widget-heading\" data-id=\"8a51d\" data-element_type=\"widget\" data-widget_type=\"heading.default\">\n\t\t\t\t<div class=\"elementor-widget-container\">\n\t\t\t<p class=\"elementor-heading-title elementor-size-default\">\u00a9 Charlotte Perrotton \u2013 All rights reserved.<\/p>\t\t<\/div>\n\t\t\t\t<\/div>\n\t\t\t\t\t<\/div>\n\t\t\t\t<\/div>\n\t\t\t\t<\/div>\n\t\t","protected":false},"excerpt":{"rendered":"<p>Event Branding Sublimer l\u2019identit\u00e9 de vos \u00e9v\u00e9nements Cette s\u00e9lection pr\u00e9sente diff\u00e9rents projets d\u2019event branding r\u00e9alis\u00e9s pour des clients aux univers vari\u00e9s.Chaque projet repose sur la cr\u00e9ation d\u2019un key visual fort, pens\u00e9 comme le fil conducteur de l\u2019\u00e9v\u00e9nement : il structure l\u2019identit\u00e9 visuelle, renforce la coh\u00e9rence des supports et cr\u00e9e une exp\u00e9rience reconnaissable et m\u00e9morable. Du [&hellip;]<\/p>\n","protected":false},"author":1,"featured_media":437,"parent":0,"menu_order":0,"comment_status":"closed","ping_status":"closed","template":"","meta":{"footnotes":""},"class_list":["post-665","page","type-page","status-publish","has-post-thumbnail","hentry"],"yoast_head":"<!-- This site is optimized with the Yoast SEO plugin v25.9 - https:\/\/yoast.com\/wordpress\/plugins\/seo\/ -->\n<title>Event Branding - Charlotte Design<\/title>\n<meta name=\"description\" content=\"Directrice Artistique passionn\u00e9e par la communication visuelle. Venez d\u00e9couvrir mon univers cr\u00e9atif et mes projets.\" \/>\n<meta name=\"robots\" content=\"index, follow, max-snippet:-1, max-image-preview:large, max-video-preview:-1\" \/>\n<link rel=\"canonical\" href=\"https:\/\/charlotteperrotton.com\/?page_id=665\" \/>\n<meta property=\"og:locale\" content=\"en_US\" \/>\n<meta property=\"og:type\" content=\"article\" \/>\n<meta property=\"og:title\" content=\"Event Branding - Charlotte Design\" \/>\n<meta property=\"og:description\" content=\"Directrice Artistique passionn\u00e9e par la communication visuelle. Venez d\u00e9couvrir mon univers cr\u00e9atif et mes projets.\" \/>\n<meta property=\"og:url\" content=\"https:\/\/charlotteperrotton.com\/?page_id=665\" \/>\n<meta property=\"og:site_name\" content=\"Charlotte Design\" \/>\n<meta property=\"article:modified_time\" content=\"2026-02-09T11:45:08+00:00\" \/>\n<meta property=\"og:image\" content=\"http:\/\/charlotteperrotton.com\/wp-content\/uploads\/2024\/07\/portfolio-2-1.jpg\" \/>\n\t<meta property=\"og:image:width\" content=\"800\" \/>\n\t<meta property=\"og:image:height\" content=\"571\" \/>\n\t<meta property=\"og:image:type\" content=\"image\/jpeg\" \/>\n<meta name=\"twitter:card\" content=\"summary_large_image\" \/>\n<meta name=\"twitter:label1\" content=\"Est. reading time\" \/>\n\t<meta name=\"twitter:data1\" content=\"3 minutes\" \/>\n<script type=\"application\/ld+json\" class=\"yoast-schema-graph\">{\"@context\":\"https:\/\/schema.org\",\"@graph\":[{\"@type\":\"WebPage\",\"@id\":\"https:\/\/charlotteperrotton.com\/?page_id=665\",\"url\":\"https:\/\/charlotteperrotton.com\/?page_id=665\",\"name\":\"Event Branding - Charlotte Design\",\"isPartOf\":{\"@id\":\"https:\/\/charlotteperrotton.com\/#website\"},\"primaryImageOfPage\":{\"@id\":\"https:\/\/charlotteperrotton.com\/?page_id=665#primaryimage\"},\"image\":{\"@id\":\"https:\/\/charlotteperrotton.com\/?page_id=665#primaryimage\"},\"thumbnailUrl\":\"https:\/\/charlotteperrotton.com\/wp-content\/uploads\/2024\/07\/portfolio-2-1.jpg\",\"datePublished\":\"2024-07-02T18:34:02+00:00\",\"dateModified\":\"2026-02-09T11:45:08+00:00\",\"description\":\"Directrice Artistique passionn\u00e9e par la communication visuelle. Venez d\u00e9couvrir mon univers cr\u00e9atif et mes projets.\",\"breadcrumb\":{\"@id\":\"https:\/\/charlotteperrotton.com\/?page_id=665#breadcrumb\"},\"inLanguage\":\"en-US\",\"potentialAction\":[{\"@type\":\"ReadAction\",\"target\":[\"https:\/\/charlotteperrotton.com\/?page_id=665\"]}]},{\"@type\":\"ImageObject\",\"inLanguage\":\"en-US\",\"@id\":\"https:\/\/charlotteperrotton.com\/?page_id=665#primaryimage\",\"url\":\"https:\/\/charlotteperrotton.com\/wp-content\/uploads\/2024\/07\/portfolio-2-1.jpg\",\"contentUrl\":\"https:\/\/charlotteperrotton.com\/wp-content\/uploads\/2024\/07\/portfolio-2-1.jpg\",\"width\":800,\"height\":571},{\"@type\":\"BreadcrumbList\",\"@id\":\"https:\/\/charlotteperrotton.com\/?page_id=665#breadcrumb\",\"itemListElement\":[{\"@type\":\"ListItem\",\"position\":1,\"name\":\"Accueil\",\"item\":\"https:\/\/charlotteperrotton.com\/\"},{\"@type\":\"ListItem\",\"position\":2,\"name\":\"Event Branding\"}]},{\"@type\":\"WebSite\",\"@id\":\"https:\/\/charlotteperrotton.com\/#website\",\"url\":\"https:\/\/charlotteperrotton.com\/\",\"name\":\"Charlotte Perrotton Design\",\"description\":\"Brand Designer\",\"potentialAction\":[{\"@type\":\"SearchAction\",\"target\":{\"@type\":\"EntryPoint\",\"urlTemplate\":\"https:\/\/charlotteperrotton.com\/?s={search_term_string}\"},\"query-input\":{\"@type\":\"PropertyValueSpecification\",\"valueRequired\":true,\"valueName\":\"search_term_string\"}}],\"inLanguage\":\"en-US\"}]}<\/script>\n<!-- \/ Yoast SEO plugin. -->","yoast_head_json":{"title":"Event Branding - Charlotte Design","description":"Directrice Artistique passionn\u00e9e par la communication visuelle. Venez d\u00e9couvrir mon univers cr\u00e9atif et mes projets.","robots":{"index":"index","follow":"follow","max-snippet":"max-snippet:-1","max-image-preview":"max-image-preview:large","max-video-preview":"max-video-preview:-1"},"canonical":"https:\/\/charlotteperrotton.com\/?page_id=665","og_locale":"en_US","og_type":"article","og_title":"Event Branding - Charlotte Design","og_description":"Directrice Artistique passionn\u00e9e par la communication visuelle. Venez d\u00e9couvrir mon univers cr\u00e9atif et mes projets.","og_url":"https:\/\/charlotteperrotton.com\/?page_id=665","og_site_name":"Charlotte Design","article_modified_time":"2026-02-09T11:45:08+00:00","og_image":[{"width":800,"height":571,"url":"http:\/\/charlotteperrotton.com\/wp-content\/uploads\/2024\/07\/portfolio-2-1.jpg","type":"image\/jpeg"}],"twitter_card":"summary_large_image","twitter_misc":{"Est. reading time":"3 minutes"},"schema":{"@context":"https:\/\/schema.org","@graph":[{"@type":"WebPage","@id":"https:\/\/charlotteperrotton.com\/?page_id=665","url":"https:\/\/charlotteperrotton.com\/?page_id=665","name":"Event Branding - Charlotte Design","isPartOf":{"@id":"https:\/\/charlotteperrotton.com\/#website"},"primaryImageOfPage":{"@id":"https:\/\/charlotteperrotton.com\/?page_id=665#primaryimage"},"image":{"@id":"https:\/\/charlotteperrotton.com\/?page_id=665#primaryimage"},"thumbnailUrl":"https:\/\/charlotteperrotton.com\/wp-content\/uploads\/2024\/07\/portfolio-2-1.jpg","datePublished":"2024-07-02T18:34:02+00:00","dateModified":"2026-02-09T11:45:08+00:00","description":"Directrice Artistique passionn\u00e9e par la communication visuelle. Venez d\u00e9couvrir mon univers cr\u00e9atif et mes projets.","breadcrumb":{"@id":"https:\/\/charlotteperrotton.com\/?page_id=665#breadcrumb"},"inLanguage":"en-US","potentialAction":[{"@type":"ReadAction","target":["https:\/\/charlotteperrotton.com\/?page_id=665"]}]},{"@type":"ImageObject","inLanguage":"en-US","@id":"https:\/\/charlotteperrotton.com\/?page_id=665#primaryimage","url":"https:\/\/charlotteperrotton.com\/wp-content\/uploads\/2024\/07\/portfolio-2-1.jpg","contentUrl":"https:\/\/charlotteperrotton.com\/wp-content\/uploads\/2024\/07\/portfolio-2-1.jpg","width":800,"height":571},{"@type":"BreadcrumbList","@id":"https:\/\/charlotteperrotton.com\/?page_id=665#breadcrumb","itemListElement":[{"@type":"ListItem","position":1,"name":"Accueil","item":"https:\/\/charlotteperrotton.com\/"},{"@type":"ListItem","position":2,"name":"Event Branding"}]},{"@type":"WebSite","@id":"https:\/\/charlotteperrotton.com\/#website","url":"https:\/\/charlotteperrotton.com\/","name":"Charlotte Perrotton Design","description":"Brand Designer","potentialAction":[{"@type":"SearchAction","target":{"@type":"EntryPoint","urlTemplate":"https:\/\/charlotteperrotton.com\/?s={search_term_string}"},"query-input":{"@type":"PropertyValueSpecification","valueRequired":true,"valueName":"search_term_string"}}],"inLanguage":"en-US"}]}},"_links":{"self":[{"href":"https:\/\/charlotteperrotton.com\/index.php?rest_route=\/wp\/v2\/pages\/665","targetHints":{"allow":["GET"]}}],"collection":[{"href":"https:\/\/charlotteperrotton.com\/index.php?rest_route=\/wp\/v2\/pages"}],"about":[{"href":"https:\/\/charlotteperrotton.com\/index.php?rest_route=\/wp\/v2\/types\/page"}],"author":[{"embeddable":true,"href":"https:\/\/charlotteperrotton.com\/index.php?rest_route=\/wp\/v2\/users\/1"}],"replies":[{"embeddable":true,"href":"https:\/\/charlotteperrotton.com\/index.php?rest_route=%2Fwp%2Fv2%2Fcomments&post=665"}],"version-history":[{"count":46,"href":"https:\/\/charlotteperrotton.com\/index.php?rest_route=\/wp\/v2\/pages\/665\/revisions"}],"predecessor-version":[{"id":1763,"href":"https:\/\/charlotteperrotton.com\/index.php?rest_route=\/wp\/v2\/pages\/665\/revisions\/1763"}],"wp:featuredmedia":[{"embeddable":true,"href":"https:\/\/charlotteperrotton.com\/index.php?rest_route=\/wp\/v2\/media\/437"}],"wp:attachment":[{"href":"https:\/\/charlotteperrotton.com\/index.php?rest_route=%2Fwp%2Fv2%2Fmedia&parent=665"}],"curies":[{"name":"wp","href":"https:\/\/api.w.org\/{rel}","templated":true}]}}